f b**6/120 + 7*b**5/60 + b**4/24 - b**3/2 - 22*b**2 + 47*b + 2. Let o(i) be the first derivative of q(i). Give o(-7).
-10
Let l(a) = -92*a - 91*a + 8 - 90*a - a**2 - 95*a + 370*a. Let x = 3 - -3. What is l(x)?
-16
Let q(a) = -a - 12. Let v be (13 - (37 + -7))*-1. Determine q(v).
-29
Let j(b) = b**2 + 20*b + 31. Suppose 0 = 6*g + 30, -g = c - 7 + 30. Give j(c).
-5
Let z(s) = 2*s**3 + 4*s**2 + 5*s + 8. Let l be (-3*9/15)/((-96)/(-160)). Calculate z(l).
-25
Suppose -s - 5 = -0*s. Let l be s*(-1 - 3/(-5)). Suppose -31 = l*y - 43. Let a(k) = -k**3 + 5*k**2 + 8*k + 1. Give a(y).
13
Let m(i) = -i**2 - 11*i + 10. Suppose 2*c = -327 - 113. Let d be (3 - 10/4)/(10/c). Calculate m(d).
10
Let d(p) = -2*p**3 - 11*p**2 + 4*p - 12. Let t(q) = -50*q + 27*q + 33*q - 23 - 3*q**3 - 21*q**2. Let y(x) = 5*d(x) - 3*t(x). What is y(7)?
-12
Let j(i) be the first derivative of i**3/3 - 7*i**2/2 - 49*i - 1786. What is j(-5)?
11
Let k(s) = -s**2 + s - 14. Suppose -69*z + 70*z = 44. Let t be ((-1)/(-2))/((-1)/(-88)). Let x = t - z. Determine k(x).
-14
Let p = -2002 + 1993. Let q(g) = -g - 16. Calculate q(p).
-7
Let k(x) be the third derivative of -x**5/60 - 31*x**4/24 - 71*x**3/6 - 13821*x**2. What is k(-29)?
-13
Let o(h) = -h**2 + 0 + 3*h - 1 + 2*h**2. Let u be 48 + (1 - -7 - 4). Suppose -12*v = v + u. What is o(v)?
3
Let p(m) = 4*m**2 + 5*m + 14. Suppose 4*h = -5 - 19. Let z be p(h). Let f = z + -135. Let b(y) = y**2 + 7*y + 6. Calculate b(f).
6
Suppose 267 = 5*m + a + 341, 36 = -2*m - 2*a. Let p(u) = u**3 + 13*u**2 - 9*u + 24. Determine p(m).
-46
Suppose -105 = -243*x + 258*x. Let q(m) = m**2 + 6*m - 14. Give q(x).
-7
Let r(o) = -3*o**2 + 30*o + 15. Suppose -102 = -9*i - 3*k, 6*i = 2*i + 2*k + 32. Determine r(i).
15
Let o(n) = n**3 + 5*n - 5. Let l(k) = -k**3 + k**2 - 11*k + 5. Let h(d) = -5*l(d) - 6*o(d). Determine h(-8).
-3
Let t = 74 + -71. Suppose t = -17*l + 20. Let v(b) = 10*b**3 - 2*b**2 + 2*b - 1. Calculate v(l).
9
Let x(t) = t**2 - 5*t + 3. Suppose 4*i - 24 = 124. Let l = i + -37. Suppose l = -2*r, -n = -0*r - 4*r - 5. Determine x(n).
3
Suppose 8 = h + 2. Let o(f) = -872*f - 1. Let w(s) = -698*s - 1. Let v(a) = 4*o(a) - 5*w(a). Determine v(h).
13
Let h(p) be the second derivative of -5*p**3/6 + 2*p - 1514. Suppose -5*q + 8 = -17. Let a = -6 + q. Determine h(a).
5
Suppose -3*w + 14 = -4*n, -n + 0 = -w + 5. Let q be (w/8)/((-63)/(-672)). Let i(p) = p**2 - 4*p - 7. Calculate i(q).
25
Suppose -14*k + 15*k - 2*j = 11, -k = j - 14. Let a(i) = -2*i - 8. Calculate a(k).
-34
Let s(c) = c**2 - 8*c - 28. Let a = -7541 + 7553. Give s(a).
20
Let t(w) = w**2 + w - 2. Let d(q) = -2*q**2 - 24*q. Let s be d(-10). Suppose -7*k = k - s. Suppose -2 + 6 = -5*j + v, 0 = 3*j - k*v + 20. Determine t(j).
-2
Let g(o) = -5*o**3 + 2*o**2 + 5*o + 4. Suppose 14 = 5*v - 1. Let x(s) = -2*s**3 + s**2 + 2*s + 3. Let d(h) = v*g(h) - 7*x(h). Let w = 2 + -2. What is d(w)?
-9
Let y(u) = -u**2 - 3*u + 6. Let r(w) = -w**3 - 18*w**2 + 44*w + 73. Let p be r(-20). What is y(p)?
-22
Let c = 93 + -297. Let m = c - -201. Let o(z) = z**3 + 4*z**2 + 3*z + 4. Give o(m).
4
Suppose 131*x - 12 = 143*x. Let g(b) = 2 + b - 2 + 8*b**2. Determine g(x).
7
Let z(n) = 2*n - 12. Suppose 23*l - 20*l = -6. Let x(m) = -m + 12. Let s(u) = l*z(u) - 3*x(u). What is s(-11)?
-1
Let u(p) = -18*p**2 + 2*p - 1. Let n(q) = -112*q**2 + 13*q - 1. Let s(l) = n(l) - 6*u(l). Determine s(3).
-28
Let g(q) = -89*q + 23*q - 58 + 20*q + 21*q + 29*q. What is g(25)?
42
Let o(k) = -k**3 - 9*k**2 - k + 1. Suppose -156 - 348 = 11*l + 45*l. Give o(l).
10
Let p(a) be the first derivative of -2*a**3/3 + 5*a**2 - 8*a + 1022. Give p(1).
0
Let d(y) = y**3 - y. Let o(w) = -8*w**2 + 7*w + 8. Let m be (20/(-30))/(4/(-6)). Let b(u) = m*o(u) + d(u). Let l = -1017 + 1024. Calculate b(l).
1
Let a be (-2)/(((-3)/(-18))/(1/(-4))). Suppose -2*g = 3*r - 10, -a*r = g - 5*r - 12. Let x(t) = -t**2 + 7*t + 3. Calculate x(g).
-5
Let k(u) be the third derivative of -5*u**4/12 - 13*u**3/2 + 447*u**2 - u. What is k(8)?
-119
Let b = -41 - -34. Let r(m) be the third derivative of -m**6/120 - m**5/10 + m**4/3 - 5*m**3/3 - 305*m**2. Calculate r(b).
-17
Let w = 0 - -3. Suppose 4*s + w = 19. Let g(n) be the second derivative of n**3/6 - 2*n**2 - 3*n - 84. Determine g(s).
0
Let a(l) be the second derivative of -l**3/6 + 3*l**2/2 + 740*l. Give a(-6).
9
Let i = 4508 - 4520. Let h(c) = 68*c + 809. Give h(i).
-7
Let f(g) = 2*g**2 + 3*g - 4. Let o = -172 - -210. Suppose 5*w = -o + 23. Give f(w).
5
Let h be ((-18)/27)/((-6)/441). Let x = -58 + h. Let m(q) = -q**3 - 9*q**2 + 11. Give m(x).
11
Let k(j) be the second derivative of 5*j**4/6 + j**3/3 - 4*j**2 + 2647*j. What is k(2)?
36
Suppose 11 = 5*m - 34. Suppose 32*a = 29*a + m. Suppose a = 4*p - 9. Let s(u) = -u**2 + u + 4. What is s(p)?
-2
Let s(z) = -z - 2. Let h(l) = -142*l + 9 + 5 + 149*l. Let r(x) = -h(x) - 6*s(x). Calculate r(-5).
3
Let r(n) = -n**2 + 71*n - 11. Let v(f) = 4*f**2 - 312*f + 45. Let z(g) = 9*r(g) + 2*v(g). Calculate z(15).
-9
Let j(h) be the second derivative of -h**5/20 + h**4/3 + h**3/2 + 2*h**2 - h. Suppose 77*o - 11*o + 115 = 89*o. Give j(o).
-6
Let r(g) be the second derivative of -2/3*g**3 + 1/12*g**4 + 15*g - g**2 + 0. Let i(y) be the first derivative of r(y). Determine i(-6).
-16
Let z(o) be the first derivative of -o**6/120 + o**5/12 - 5*o**4/24 - o**3/3 + 27*o**2/2 - 25. Let j(v) be the second derivative of z(v). What is j(4)?
-6
Let m(s) = s**2 + 8*s + 11. Let x = -308 + 313. Suppose 2*j - 3*f + 19 = 0, f = x*j + 5*f + 36. Give m(j).
11
Let d(y) = -y**3 - 5*y**2 - 4*y - 5. Suppose -33 = a + 7*s - 4*s, -2*s - 230 = 5*a. Let k be (a/(-30))/(4/(-40)*4). Give d(k).
-5
Let m(d) be the first derivative of -3*d**2/2 - 2*d + 8679. Suppose -5*o + 2 = 27. Determine m(o).
13
Let o(h) = h + 4. Let s(r) = 2*r - 6. Let n be s(4). Suppose -n*a - 10 = -y, 0*a + 2*a = -y - 14. Let i be (-3)/6*a + -3. Determine o(i).
4
Let l(k) = -k**3 + k**2 - 2*k + 1. Let t = -67 - -75. Let a(s) = -3*s + 26. Let m be a(t). Suppose 5*z - 4*p + 2 = 0, -5*z - p + m*p + 7 = 0. Determine l(z).
-7
Let w(d) = 12*d - 152. Let a be (-9)/15 - (-748)/55. What is w(a)?
4
Let l(t) = t + 5. Let j(i) = 4*i - 7*i**2 - 5*i**2 - 2*i - i + i**3 - 3. Let r be j(12). Suppose 3*k - 3 = p, -r - 16 = 5*p - 5*k. What is l(p)?
-1
Suppose 0 = -t + 2*x + 1, x + 586 = 3*t + 618. Let d(n) = -n**2 - 13*n - 5. Give d(t).
-5
Let b be -1 + -35 + 226 + -209. Let z(m) = -m**2 - 14*m + 40. Determine z(b).
-55
Let h = 55 + 2. Suppose -54*i + 5*x + 37 = -h*i, 2*i - x = -3. Let k(d) = -d - 4. Give k(i).
0
Let z(q) = 60*q + 6807. Let p be z(-113). Let d(i) = i**3 - 28*i**2 + 29*i - 38. Give d(p).
16
Let c be (10/(-8))/((-2)/8). Let g be -5 + 8 + (-1 + -1)*-1. Suppose -4*z - 4*b - 26 = -6*z, c*b + 40 = g*z. Let m(q) = 2*q - 1. Calculate m(z).
5
Let h(m) = 1 + 4 - 6*m**2 - 8*m - 15 - 9 + 7*m**2. What is h(12)?
29
Suppose -6*v - 5*v - 10*v = 0. Suppose 28*x - 12 + 12 = v. Let f(s) = 5*s + 2. Give f(x).
2
Let m(i) = -i**2 + 6. Let x be m(3). Let w(c) be the third derivative of -11*c**2 + 1/3*c**3 + 0 - 7/24*c**4 + 0*c. Give w(x).
23
Let f(d) = 3*d**3 + 36*d**2 - 25. Let w(c) = -2*c**3 - 25*c**2 + 17. Let l(z) = -5*f(z) - 7*w(z). Calculate l(-5).
6
Suppose -2*m = 2*m - 188. Let z be (8 - (-2)/3)*6. Let t = m - z. Let l(g) = 2*g. Determine l(t).
-10
Let m(k) = -k**2 - 25*k + 84. Let o = -569 - -541. Determine m(o).
0
Let i = -101 + 107. Let q(w) = -5 + w**3 - 8*w - 5*w + i*w - 5*w**2. Suppose 0 = -0*f - 2*f - 6, 12 = r - 2*f. Give q(r).
-11
Let c(a) = a**2 - 8*a - 11. Suppose -t + 4*w - 7 = -29, 0 = -2*w - 4. Let d(q) = -q**2 + 16*q + 17. Let h be d(t). Let s be ((-36)/(-10))/(18/h). Give c(s).
-2
Let c(b) = 3*b + 1. Let k(a) = 14 + 8*a + 6 + 1. Let n be k(-4). Let s = 9 + n. Give c(s).
-5
Let a be (1/((-15)/12))/(11/(-55)) - 1. Let q(g) = -9*g**2 + 2. What is q(a)?
-79
Let t be (1/(-2))/(3/12)*73. Let y = 147 + t. Let l(u) = u. Calculate l(y).
1
Let r = 3329 + -3319. Let n(l) = -23*l + 240. Give n(r).
10
Suppose -324*x = -332*x + 8. Let v(z) = 64*z**3 - z**2 + 2*z - 1. Give v(x).
64
Let v(x) = 8*x**3 + 12*x**2 - 9*x + 2. Let o(m) = -5*m**3 - 6*m**2 + 4*m - 1. Let z(s) = 5*o(s) + 3*v(s). Suppose 5*j = 169 - 144. Determine z(j).
-9
Let c(x) = -x**3 + 46*x**2 + 2*x - 95. Supp